{"id":1252,"date":"2023-08-30T20:19:56","date_gmt":"2023-08-30T20:19:56","guid":{"rendered":"http:\/\/moebel.tmendel.com\/?post_type=product&#038;p=1252"},"modified":"2023-09-08T10:22:38","modified_gmt":"2023-09-08T10:22:38","slug":"frueher-barockschrank-eiche","status":"publish","type":"product","link":"https:\/\/moebelhexe.de\/aktuelles\/produkt\/frueher-barockschrank-eiche","title":{"rendered":"Fr\u00fcher Barockschrank Eiche"},"content":{"rendered":"<p><strong>&#8211; noch unrestauriert, wird nach Wunsch restauriert<\/strong><\/p>\n<p><strong>&#8211; massive Eiche, R\u00fcckwand und Staubboden Fichte<\/strong><\/p>\n<p><strong>&#8211; sehr sch\u00f6ne Verleistung auf den T\u00fcren<\/strong><\/p>\n<p><strong>&#8211; klassische Fassadenoptik<\/strong><\/p>\n<p><strong>&#8211; 2 Schubl\u00e4den<\/strong><\/p>\n<p><strong>&#8211; innen Hakenleisten<\/strong><\/p>\n<p><strong>Ma\u00dfe: 207 cm breit Kranz oben, 208 cm hoch (so ohne F\u00fc\u00dfe, werden nach Wunsch aufgebracht), 83 cm tief im Kranz, 63 cm tief am Korpus<\/strong><\/p>\n","protected":false},"excerpt":{"rendered":"<p>&#8211; noch unrestauriert, wird nach Wunsch restauriert &#8211; massive Eiche, R\u00fcckwand und Staubboden Fichte &#8211; sehr sch\u00f6ne Verleistung auf den T\u00fcren &#8211; klassische Fassadenoptik &#8211; 2 Schubl\u00e4den &#8211; innen Hakenleisten Ma\u00dfe: 207 cm breit Kranz oben, 208 cm hoch (so ohne F\u00fc\u00dfe, werden nach Wunsch aufgebracht), 83 cm tief im Kranz, 63 cm tief am [&hellip;]<\/p>\n","protected":false},"featured_media":1255,"comment_status":"open","ping_status":"closed","template":"","meta":{"site-sidebar-layout":"default","site-content-layout":"","ast-site-content-layout":"default","site-content-style":"default","site-sidebar-style":"default","ast-global-header-display":"","ast-banner-title-visibility":"","ast-main-header-display":"","ast-hfb-above-header-display":"","ast-hfb-below-header-display":"","ast-hfb-mobile-header-display":"","site-post-title":"","ast-breadcrumbs-content":"","ast-featured-img":"","footer-sml-layout":"","theme-transparent-header-meta":"default","adv-header-id-meta":"","stick-header-meta":"","header-above-stick-meta":"","header-main-stick-meta":"","header-below-stick-meta":"","astra-migrate-meta-layouts":"set","ast-page-background-enabled":"default","ast-page-background-meta":{"desktop":{"background-color":"var(--ast-global-color-4)","background-image":"","background-repeat":"repeat","background-position":"center center","background-size":"auto","background-attachment":"scroll","background-type":"","background-media":"","overlay-type":"","overlay-color":"","overlay-opacity":"","overlay-gradient":""},"tablet":{"background-color":"","background-image":"","background-repeat":"repeat","background-position":"center center","background-size":"auto","background-attachment":"scroll","background-type":"","background-media":"","overlay-type":"","overlay-color":"","overlay-opacity":"","overlay-gradient":""},"mobile":{"background-color":"","background-image":"","background-repeat":"repeat","background-position":"center center","background-size":"auto","background-attachment":"scroll","background-type":"","background-media":"","overlay-type":"","overlay-color":"","overlay-opacity":"","overlay-gradient":""}},"ast-content-background-meta":{"desktop":{"background-color":"var(--ast-global-color-5)","background-image":"","background-repeat":"repeat","background-position":"center center","background-size":"auto","background-attachment":"scroll","background-type":"","background-media":"","overlay-type":"","overlay-color":"","overlay-opacity":"","overlay-gradient":""},"tablet":{"background-color":"var(--ast-global-color-5)","background-image":"","background-repeat":"repeat","background-position":"center center","background-size":"auto","background-attachment":"scroll","background-type":"","background-media":"","overlay-type":"","overlay-color":"","overlay-opacity":"","overlay-gradient":""},"mobile":{"background-color":"var(--ast-global-color-5)","background-image":"","background-repeat":"repeat","background-position":"center center","background-size":"auto","background-attachment":"scroll","background-type":"","background-media":"","overlay-type":"","overlay-color":"","overlay-opacity":"","overlay-gradient":""}}},"product_brand":[],"product_cat":[30],"product_tag":[44],"class_list":{"0":"post-1252","1":"product","2":"type-product","3":"status-publish","4":"has-post-thumbnail","6":"product_cat-schraenke","7":"product_tag-schrank","8":"desktop-align-left","9":"tablet-align-left","10":"mobile-align-left","12":"first","13":"instock","14":"shipping-taxable","15":"product-type-simple"},"jetpack_sharing_enabled":true,"_links":{"self":[{"href":"https:\/\/moebelhexe.de\/aktuelles\/wp-json\/wp\/v2\/product\/1252","targetHints":{"allow":["GET"]}}],"collection":[{"href":"https:\/\/moebelhexe.de\/aktuelles\/wp-json\/wp\/v2\/product"}],"about":[{"href":"https:\/\/moebelhexe.de\/aktuelles\/wp-json\/wp\/v2\/types\/product"}],"replies":[{"embeddable":true,"href":"https:\/\/moebelhexe.de\/aktuelles\/wp-json\/wp\/v2\/comments?post=1252"}],"wp:featuredmedia":[{"embeddable":true,"href":"https:\/\/moebelhexe.de\/aktuelles\/wp-json\/wp\/v2\/media\/1255"}],"wp:attachment":[{"href":"https:\/\/moebelhexe.de\/aktuelles\/wp-json\/wp\/v2\/media?parent=1252"}],"wp:term":[{"taxonomy":"product_brand","embeddable":true,"href":"https:\/\/moebelhexe.de\/aktuelles\/wp-json\/wp\/v2\/product_brand?post=1252"},{"taxonomy":"product_cat","embeddable":true,"href":"https:\/\/moebelhexe.de\/aktuelles\/wp-json\/wp\/v2\/product_cat?post=1252"},{"taxonomy":"product_tag","embeddable":true,"href":"https:\/\/moebelhexe.de\/aktuelles\/wp-json\/wp\/v2\/product_tag?post=1252"}],"curies":[{"name":"wp","href":"https:\/\/api.w.org\/{rel}","templated":true}]}}